CRAN Package Check Results for Package mbrglm

Last updated on 2020-12-04 00:48:26 CET.

Flavor Version Tinstall Tcheck Ttotal Status Flags
r-devel-linux-x86_64-debian-clang 0.0.1 2.93 27.03 29.96 OK
r-devel-linux-x86_64-debian-gcc 0.0.1 2.45 22.15 24.60 OK
r-devel-linux-x86_64-fedora-clang 0.0.1 41.19 NOTE
r-devel-linux-x86_64-fedora-gcc 0.0.1 30.10 NOTE
r-devel-windows-ix86+x86_64 0.0.1 8.00 39.00 47.00 OK
r-patched-linux-x86_64 0.0.1 2.62 23.94 26.56 OK
r-patched-solaris-x86 0.0.1 45.40 OK
r-release-linux-x86_64 0.0.1 2.85 23.56 26.41 OK
r-release-macos-x86_64 0.0.1 OK
r-release-windows-ix86+x86_64 0.0.1 7.00 46.00 53.00 OK
r-oldrel-macos-x86_64 0.0.1 OK
r-oldrel-windows-ix86+x86_64 0.0.1 5.00 43.00 48.00 OK

Check Details

Version: 0.0.1
Check: compiled code
Result: NOTE
    File ‘mbrglm/libs/mbrglm.so’:
     Found no calls to: ‘R_registerRoutines’, ‘R_useDynamicSymbols’
    
    It is good practice to register native routines and to disable symbol
    search.
    
    See ‘Writing portable packages’ in the ‘Writing R Extensions’ manual.
Flavors: r-devel-linux-x86_64-fedora-clang, r-devel-linux-x86_64-fedora-gcc