Last updated on 2020-12-04 00:48:26 CET.
Flavor | Version | Tinstall | Tcheck | Ttotal | Status | Flags |
---|---|---|---|---|---|---|
r-devel-linux-x86_64-debian-clang | 2.3 | 3.05 | 28.48 | 31.53 | OK | |
r-devel-linux-x86_64-debian-gcc | 2.3 | 3.09 | 21.65 | 24.74 | OK | |
r-devel-linux-x86_64-fedora-clang | 2.3 | 42.25 | NOTE | |||
r-devel-linux-x86_64-fedora-gcc | 2.3 | 33.17 | NOTE | |||
r-devel-windows-ix86+x86_64 | 2.3 | 6.00 | 35.00 | 41.00 | OK | |
r-patched-linux-x86_64 | 2.3 | 3.11 | 27.16 | 30.27 | OK | |
r-patched-solaris-x86 | 2.3 | 48.90 | NOTE | |||
r-release-linux-x86_64 | 2.3 | 3.61 | 28.43 | 32.04 | OK | |
r-release-macos-x86_64 | 2.3 | NOTE | ||||
r-release-windows-ix86+x86_64 | 2.3 | 6.00 | 33.00 | 39.00 | OK | |
r-oldrel-macos-x86_64 | 2.3 | NOTE | ||||
r-oldrel-windows-ix86+x86_64 | 2.3 | 4.00 | 32.00 | 36.00 | OK |
Version: 2.3
Check: dependencies in R code
Result: NOTE
Namespace in Imports field not imported from: ‘curl’
All declared Imports should be used.
Flavors: r-devel-linux-x86_64-fedora-clang, r-devel-linux-x86_64-fedora-gcc, r-patched-solaris-x86, r-release-macos-x86_64, r-oldrel-macos-x86_64
Version: 2.3
Check: Rd cross-references
Result: NOTE
Undeclared package ‘tracerer’ in Rd xrefs
Flavor: r-devel-linux-x86_64-fedora-clang