CRAN Package Check Results for Package matrixStats

Last updated on 2020-12-04 00:48:26 CET.

Flavor Version Tinstall Tcheck Ttotal Status Flags
r-devel-linux-x86_64-debian-clang 0.57.0 163.52 190.73 354.25 OK
r-devel-linux-x86_64-debian-gcc 0.57.0 99.48 148.42 247.90 OK
r-devel-linux-x86_64-fedora-clang 0.57.0 490.84 NOTE
r-devel-linux-x86_64-fedora-gcc 0.57.0 441.85 OK
r-devel-windows-ix86+x86_64 0.57.0 413.00 348.00 761.00 NOTE
r-patched-linux-x86_64 0.57.0 131.59 188.12 319.71 OK
r-patched-solaris-x86 0.57.0 951.00 NOTE
r-release-linux-x86_64 0.57.0 131.73 188.58 320.31 OK
r-release-macos-x86_64 0.57.0 NOTE
r-release-windows-ix86+x86_64 0.57.0 329.00 322.00 651.00 NOTE
r-oldrel-macos-x86_64 0.57.0 NOTE
r-oldrel-windows-ix86+x86_64 0.57.0 331.00 416.00 747.00 NOTE

Check Details

Version: 0.57.0
Check: installed package size
Result: NOTE
     installed size is 10.7Mb
     sub-directories of 1Mb or more:
     libs 9.9Mb
Flavors: r-devel-linux-x86_64-fedora-clang, r-devel-windows-ix86+x86_64, r-patched-solaris-x86, r-release-macos-x86_64, r-release-windows-ix86+x86_64, r-oldrel-macos-x86_64, r-oldrel-windows-ix86+x86_64