CRAN Package Check Results for Package mathjaxr

Last updated on 2020-12-04 00:48:26 CET.

Flavor Version Tinstall Tcheck Ttotal Status Flags
r-devel-linux-x86_64-debian-clang 1.0-1 2.33 20.53 22.86 OK
r-devel-linux-x86_64-debian-gcc 1.0-1 1.96 17.14 19.10 OK
r-devel-linux-x86_64-fedora-clang 1.0-1 34.41 OK
r-devel-linux-x86_64-fedora-gcc 1.0-1 24.11 OK
r-devel-windows-ix86+x86_64 1.0-1 5.00 23.00 28.00 OK
r-patched-linux-x86_64 1.0-1 2.25 21.97 24.22 OK
r-patched-solaris-x86 1.0-1 39.70 NOTE
r-release-linux-x86_64 1.0-1 2.32 21.01 23.33 OK
r-release-macos-x86_64 1.0-1 OK
r-release-windows-ix86+x86_64 1.0-1 5.00 24.00 29.00 OK
r-oldrel-macos-x86_64 1.0-1 OK
r-oldrel-windows-ix86+x86_64 1.0-1 7.00 28.00 35.00 OK

Check Details

Version: 1.0-1
Check: installed package size
Result: NOTE
     installed size is 5.2Mb
     sub-directories of 1Mb or more:
     doc 5.2Mb
Flavor: r-patched-solaris-x86