CRAN Package Check Results for Package mashr

Last updated on 2020-12-04 00:48:26 CET.

Flavor Version Tinstall Tcheck Ttotal Status Flags
r-devel-linux-x86_64-debian-clang 0.2.38 72.40 295.37 367.77 OK
r-devel-linux-x86_64-debian-gcc 0.2.38 50.27 209.67 259.94 OK
r-devel-linux-x86_64-fedora-clang 0.2.38 442.54 NOTE
r-devel-linux-x86_64-fedora-gcc 0.2.38 409.57 OK
r-devel-windows-ix86+x86_64 0.2.38 151.00 374.00 525.00 OK
r-patched-linux-x86_64 0.2.38 60.11 262.16 322.27 OK
r-patched-solaris-x86 0.2.38 475.50 NOTE
r-release-linux-x86_64 0.2.38 55.93 266.20 322.13 OK
r-release-macos-x86_64 0.2.38 NOTE
r-release-windows-ix86+x86_64 0.2.38 109.00 337.00 446.00 OK
r-oldrel-macos-x86_64 0.2.38 NOTE
r-oldrel-windows-ix86+x86_64 0.2.38 108.00 339.00 447.00 NOTE

Check Details

Version: 0.2.38
Check: installed package size
Result: NOTE
     installed size is 6.5Mb
     sub-directories of 1Mb or more:
     libs 5.6Mb
Flavors: r-devel-linux-x86_64-fedora-clang, r-release-macos-x86_64, r-oldrel-macos-x86_64

Version: 0.2.38
Check: package dependencies
Result: NOTE
    Package suggested but not available for checking: ‘REBayes’
Flavors: r-patched-solaris-x86, r-oldrel-windows-ix86+x86_64