CRAN Package Check Results for Package maptpx

Last updated on 2020-12-04 00:48:26 CET.

Flavor Version Tinstall Tcheck Ttotal Status Flags
r-devel-linux-x86_64-debian-clang 1.9-7 5.22 29.91 35.13 OK
r-devel-linux-x86_64-debian-gcc 1.9-7 3.75 24.96 28.71 OK
r-devel-linux-x86_64-fedora-clang 1.9-7 47.92 OK
r-devel-linux-x86_64-fedora-gcc 1.9-7 37.35 OK
r-devel-windows-ix86+x86_64 1.9-7 14.00 39.00 53.00 OK
r-patched-linux-x86_64 1.9-7 4.25 28.74 32.99 OK
r-patched-solaris-x86 1.9-7 53.10 OK
r-release-linux-x86_64 1.9-7 4.54 28.16 32.70 OK
r-release-macos-x86_64 1.9-7 OK
r-release-windows-ix86+x86_64 1.9-7 11.00 53.00 64.00 OK
r-oldrel-macos-x86_64 1.9-7 NOTE
r-oldrel-windows-ix86+x86_64 1.9-7 10.00 49.00 59.00 NOTE

Check Details

Version: 1.9-7
Check: R code for possible problems
Result: NOTE
    plot.topics: no visible global function definition for ‘plot’
    Undefined global functions or variables:
     plot
    Consider adding
     importFrom("graphics", "plot")
    to your NAMESPACE file.
Flavors: r-oldrel-macos-x86_64, r-oldrel-windows-ix86+x86_64