CRAN Package Check Results for Package mapsFinland

Last updated on 2020-12-04 00:48:26 CET.

Flavor Version Tinstall Tcheck Ttotal Status Flags
r-devel-linux-x86_64-debian-clang 0.1.1 3.96 23.76 27.72 OK
r-devel-linux-x86_64-debian-gcc 0.1.1 3.40 17.87 21.27 OK
r-devel-linux-x86_64-fedora-clang 0.1.1 38.42 NOTE
r-devel-linux-x86_64-fedora-gcc 0.1.1 28.61 NOTE
r-devel-windows-ix86+x86_64 0.1.1 8.00 29.00 37.00 OK
r-patched-linux-x86_64 0.1.1 4.09 23.31 27.40 OK
r-patched-solaris-x86 0.1.1 44.00 NOTE
r-release-linux-x86_64 0.1.1 4.23 23.26 27.49 OK
r-release-macos-x86_64 0.1.1 NOTE
r-release-windows-ix86+x86_64 0.1.1 6.00 26.00 32.00 OK
r-oldrel-macos-x86_64 0.1.1 NOTE
r-oldrel-windows-ix86+x86_64 0.1.1 5.00 27.00 32.00 OK

Check Details

Version: 0.1.1
Check: data for non-ASCII characters
Result: NOTE
     Note: found 996 marked UTF-8 strings
Flavors: r-devel-linux-x86_64-fedora-clang, r-devel-linux-x86_64-fedora-gcc, r-patched-solaris-x86, r-release-macos-x86_64, r-oldrel-macos-x86_64