CRAN Package Check Results for Package mapdeck

Last updated on 2020-12-04 00:48:26 CET.

Flavor Version Tinstall Tcheck Ttotal Status Flags
r-devel-linux-x86_64-debian-clang 0.3.4 343.93 55.65 399.58 OK
r-devel-linux-x86_64-debian-gcc 0.3.4 309.15 45.10 354.25 OK
r-devel-linux-x86_64-fedora-clang 0.3.4 544.75 NOTE
r-devel-linux-x86_64-fedora-gcc 0.3.4 632.34 OK
r-devel-windows-ix86+x86_64 0.3.4 737.00 94.00 831.00 NOTE
r-patched-linux-x86_64 0.3.4 352.94 55.09 408.03 OK
r-patched-solaris-x86 0.3.4 443.20 NOTE
r-release-linux-x86_64 0.3.4 344.53 54.29 398.82 OK
r-release-macos-x86_64 0.3.4 NOTE
r-release-windows-ix86+x86_64 0.3.4 560.00 99.00 659.00 NOTE
r-oldrel-macos-x86_64 0.3.4 NOTE
r-oldrel-windows-ix86+x86_64 0.3.4 622.00 127.00 749.00 NOTE

Check Details

Version: 0.3.4
Check: installed package size
Result: NOTE
     installed size is 45.1Mb
     sub-directories of 1Mb or more:
     data 1.3Mb
     doc 1.6Mb
     htmlwidgets 2.3Mb
     libs 39.6Mb
Flavors: r-devel-linux-x86_64-fedora-clang, r-devel-windows-ix86+x86_64, r-patched-solaris-x86, r-release-macos-x86_64, r-release-windows-ix86+x86_64, r-oldrel-macos-x86_64, r-oldrel-windows-ix86+x86_64