CRAN Package Check Results for Package malan

Last updated on 2020-12-04 00:48:26 CET.

Flavor Version Tinstall Tcheck Ttotal Status Flags
r-devel-linux-x86_64-debian-clang 1.0.2 328.90 85.85 414.75 OK
r-devel-linux-x86_64-debian-gcc 1.0.2 223.88 65.63 289.51 OK
r-devel-linux-x86_64-fedora-clang 1.0.2 578.86 NOTE
r-devel-linux-x86_64-fedora-gcc 1.0.2 517.64 OK
r-devel-windows-ix86+x86_64 1.0.2 741.00 120.00 861.00 OK
r-patched-linux-x86_64 1.0.2 261.17 80.94 342.11 OK
r-patched-solaris-x86 1.0.2 440.70 OK
r-release-linux-x86_64 1.0.2 256.19 80.83 337.02 OK
r-release-macos-x86_64 1.0.2 NOTE
r-release-windows-ix86+x86_64 1.0.2 569.00 128.00 697.00 OK
r-oldrel-macos-x86_64 1.0.2 NOTE
r-oldrel-windows-ix86+x86_64 1.0.2 572.00 117.00 689.00 OK

Check Details

Version: 1.0.2
Check: installed package size
Result: NOTE
     installed size is 13.3Mb
     sub-directories of 1Mb or more:
     libs 12.3Mb
Flavors: r-devel-linux-x86_64-fedora-clang, r-release-macos-x86_64, r-oldrel-macos-x86_64