Last updated on 2020-12-04 00:48:26 CET.
Flavor | Version | Tinstall | Tcheck | Ttotal | Status | Flags |
---|---|---|---|---|---|---|
r-devel-linux-x86_64-debian-clang | 0.1.1 | 2.85 | 31.40 | 34.25 | NOTE | |
r-devel-linux-x86_64-debian-gcc | 0.1.1 | 2.48 | 24.05 | 26.53 | NOTE | |
r-devel-linux-x86_64-fedora-clang | 0.1.1 | 45.11 | OK | |||
r-devel-linux-x86_64-fedora-gcc | 0.1.1 | 36.42 | OK | |||
r-devel-windows-ix86+x86_64 | 0.1.1 | 6.00 | 39.00 | 45.00 | NOTE | |
r-patched-linux-x86_64 | 0.1.1 | 3.04 | 31.41 | 34.45 | NOTE | |
r-patched-solaris-x86 | 0.1.1 | 59.30 | OK | |||
r-release-linux-x86_64 | 0.1.1 | 3.30 | 29.70 | 33.00 | NOTE | |
r-release-macos-x86_64 | 0.1.1 | OK | ||||
r-release-windows-ix86+x86_64 | 0.1.1 | 6.00 | 46.00 | 52.00 | NOTE | |
r-oldrel-macos-x86_64 | 0.1.1 | OK | ||||
r-oldrel-windows-ix86+x86_64 | 0.1.1 | 5.00 | 45.00 | 50.00 | OK |
Version: 0.1.1
Check: package vignettes
Result: NOTE
Package vignette with placeholder title 'Vignette Title':
'introduction-to-package-majesticr--rmd.Rmd'
Flavors: r-devel-linux-x86_64-debian-clang, r-devel-linux-x86_64-debian-gcc, r-devel-windows-ix86+x86_64, r-patched-linux-x86_64, r-release-linux-x86_64, r-release-windows-ix86+x86_64