CRAN Package Check Results for Package mailR

Last updated on 2020-12-04 00:48:26 CET.

Flavor Version Tinstall Tcheck Ttotal Status Flags
r-devel-linux-x86_64-debian-clang 0.4.1 4.90 38.38 43.28 OK
r-devel-linux-x86_64-debian-gcc 0.4.1 3.98 31.50 35.48 OK
r-devel-linux-x86_64-fedora-clang 0.4.1 59.17 OK
r-devel-linux-x86_64-fedora-gcc 0.4.1 51.13 OK
r-devel-windows-ix86+x86_64 0.4.1 9.00 47.00 56.00 OK
r-patched-linux-x86_64 0.4.1 4.20 37.68 41.88 OK
r-patched-solaris-x86 0.4.1 77.20 OK
r-release-linux-x86_64 0.4.1 4.44 38.75 43.19 OK
r-release-macos-x86_64 0.4.1 OK
r-release-windows-ix86+x86_64 0.4.1 7.00 57.00 64.00 OK
r-oldrel-macos-x86_64 0.4.1 OK
r-oldrel-windows-ix86+x86_64 0.4.1 4.00 6.00 10.00 ERROR

Check Details

Version: 0.4.1
Check: whether package can be installed
Result: ERROR
    Installation failed.
Flavor: r-oldrel-windows-ix86+x86_64