Last updated on 2020-12-04 00:48:26 CET.
Flavor | Version | Tinstall | Tcheck | Ttotal | Status | Flags |
---|---|---|---|---|---|---|
r-devel-linux-x86_64-debian-clang | 0.1.4 | 5.21 | 39.30 | 44.51 | OK | |
r-devel-linux-x86_64-debian-gcc | 0.1.4 | 4.56 | 33.25 | 37.81 | OK | |
r-devel-linux-x86_64-fedora-clang | 0.1.4 | 59.30 | NOTE | |||
r-devel-linux-x86_64-fedora-gcc | 0.1.4 | 49.68 | OK | |||
r-devel-windows-ix86+x86_64 | 0.1.4 | 17.00 | 42.00 | 59.00 | NOTE | |
r-patched-linux-x86_64 | 0.1.4 | 5.71 | 40.01 | 45.72 | OK | |
r-patched-solaris-x86 | 0.1.4 | 79.60 | NOTE | |||
r-release-linux-x86_64 | 0.1.4 | 6.42 | 39.01 | 45.43 | OK | |
r-release-macos-x86_64 | 0.1.4 | NOTE | ||||
r-release-windows-ix86+x86_64 | 0.1.4 | 15.00 | 57.00 | 72.00 | NOTE | |
r-oldrel-macos-x86_64 | 0.1.4 | NOTE | ||||
r-oldrel-windows-ix86+x86_64 | 0.1.4 | 14.00 | 55.00 | 69.00 | NOTE |
Version: 0.1.4
Check: installed package size
Result: NOTE
installed size is 12.3Mb
sub-directories of 1Mb or more:
TS_files 5.9Mb
base_files 6.3Mb
Flavors: r-devel-linux-x86_64-fedora-clang, r-devel-windows-ix86+x86_64, r-patched-solaris-x86, r-release-macos-x86_64, r-release-windows-ix86+x86_64, r-oldrel-macos-x86_64, r-oldrel-windows-ix86+x86_64