Last updated on 2020-12-04 00:48:26 CET.
Flavor | Version | Tinstall | Tcheck | Ttotal | Status | Flags |
---|---|---|---|---|---|---|
r-devel-linux-x86_64-debian-clang | 1.0-0 | 9.20 | 70.54 | 79.74 | NOTE | |
r-devel-linux-x86_64-debian-gcc | 1.0-0 | 7.74 | 57.98 | 65.72 | NOTE | |
r-devel-linux-x86_64-fedora-clang | 1.0-0 | 99.57 | NOTE | |||
r-devel-linux-x86_64-fedora-gcc | 1.0-0 | 91.79 | NOTE | |||
r-devel-windows-ix86+x86_64 | 1.0-0 | 19.00 | 63.00 | 82.00 | NOTE | |
r-patched-linux-x86_64 | 1.0-0 | 9.70 | 67.46 | 77.16 | NOTE | |
r-patched-solaris-x86 | 1.0-0 | 136.20 | NOTE | |||
r-release-linux-x86_64 | 1.0-0 | 8.44 | 64.63 | 73.07 | NOTE | |
r-release-macos-x86_64 | 1.0-0 | NOTE | ||||
r-release-windows-ix86+x86_64 | 1.0-0 | 15.00 | 93.00 | 108.00 | NOTE | |
r-oldrel-macos-x86_64 | 1.0-0 | NOTE | ||||
r-oldrel-windows-ix86+x86_64 | 1.0-0 | 15.00 | 80.00 | 95.00 | NOTE |
Version: 1.0-0
Check: DESCRIPTION meta-information
Result: NOTE
Malformed Description field: should contain one or more complete sentences.
Flavors: r-devel-linux-x86_64-debian-clang, r-devel-linux-x86_64-debian-gcc, r-devel-linux-x86_64-fedora-clang, r-devel-linux-x86_64-fedora-gcc, r-devel-windows-ix86+x86_64, r-patched-linux-x86_64, r-patched-solaris-x86, r-release-linux-x86_64, r-release-macos-x86_64, r-release-windows-ix86+x86_64, r-oldrel-macos-x86_64, r-oldrel-windows-ix86+x86_64
Version: 1.0-0
Check: R code for possible problems
Result: NOTE
maboost.default: no visible global function definition for
'flush.console'
maboost.default: no visible binding for global variable 'na.pass'
maboost.default : predict.type: no visible global function definition
for 'predict'
maboost.formula: no visible global function definition for
'model.extract'
maboost.machine.bin: no visible global function definition for 'runif'
maboost.machine.bin: no visible binding for global variable 'na.pass'
maboost.machine.multi: no visible global function definition for
'runif'
maboost.machine.multi: no visible binding for global variable 'na.pass'
projsplx_k: no visible global function definition for 'tail'
varplot.maboost: no visible global function definition for 'dotchart'
Undefined global functions or variables:
dotchart flush.console model.extract na.pass predict runif tail
Consider adding
importFrom("graphics", "dotchart")
importFrom("stats", "model.extract", "na.pass", "predict", "runif")
importFrom("utils", "flush.console", "tail")
to your NAMESPACE file.
Flavors: r-devel-linux-x86_64-debian-clang, r-devel-linux-x86_64-debian-gcc, r-devel-linux-x86_64-fedora-clang, r-devel-linux-x86_64-fedora-gcc, r-devel-windows-ix86+x86_64, r-patched-linux-x86_64, r-patched-solaris-x86, r-release-linux-x86_64, r-release-macos-x86_64, r-release-windows-ix86+x86_64, r-oldrel-macos-x86_64, r-oldrel-windows-ix86+x86_64