Last updated on 2020-12-04 00:48:26 CET.
Flavor | Version | Tinstall | Tcheck | Ttotal | Status | Flags |
---|---|---|---|---|---|---|
r-devel-linux-x86_64-debian-clang | 1.3.0 | 8.13 | 63.70 | 71.83 | NOTE | |
r-devel-linux-x86_64-debian-gcc | 1.3.0 | 6.22 | 52.32 | 58.54 | NOTE | |
r-devel-linux-x86_64-fedora-clang | 1.3.0 | 90.34 | NOTE | |||
r-devel-linux-x86_64-fedora-gcc | 1.3.0 | 82.69 | NOTE | |||
r-devel-windows-ix86+x86_64 | 1.3.0 | 15.00 | 58.00 | 73.00 | NOTE | |
r-patched-linux-x86_64 | 1.3.0 | 8.32 | 60.27 | 68.59 | NOTE | |
r-patched-solaris-x86 | 1.3.0 | 122.50 | NOTE | |||
r-release-linux-x86_64 | 1.3.0 | 7.33 | 60.39 | 67.72 | NOTE | |
r-release-macos-x86_64 | 1.3.0 | NOTE | ||||
r-release-windows-ix86+x86_64 | 1.3.0 | 11.00 | 80.00 | 91.00 | NOTE | |
r-oldrel-macos-x86_64 | 1.3.0 | NOTE | ||||
r-oldrel-windows-ix86+x86_64 | 1.3.0 | 11.00 | 74.00 | 85.00 | NOTE |
Version: 1.3.0
Check: R code for possible problems
Result: NOTE
generate.clonal.data : pcr.rpareto.func: no visible global function
definition for 'runif'
generate.clonal.data : get.readcount.given.cellcount: no visible global
function definition for 'rlnorm'
generate.clonal.data: no visible global function definition for
'rmultinom'
generate.clonal.data: no visible global function definition for 'rpois'
infer.clonality: no visible global function definition for 'cov'
infer.clonality: no visible global function definition for
'capture.output'
Undefined global functions or variables:
capture.output cov rlnorm rmultinom rpois runif
Consider adding
importFrom("stats", "cov", "rlnorm", "rmultinom", "rpois", "runif")
importFrom("utils", "capture.output")
to your NAMESPACE file.
Flavors: r-devel-linux-x86_64-debian-clang, r-devel-linux-x86_64-debian-gcc, r-devel-linux-x86_64-fedora-clang, r-devel-linux-x86_64-fedora-gcc, r-devel-windows-ix86+x86_64, r-patched-linux-x86_64, r-patched-solaris-x86, r-release-linux-x86_64, r-release-macos-x86_64, r-release-windows-ix86+x86_64, r-oldrel-macos-x86_64, r-oldrel-windows-ix86+x86_64