CRAN Package Check Results for Package lucas

Last updated on 2020-12-04 00:48:26 CET.

Flavor Version Tinstall Tcheck Ttotal Status Flags
r-devel-linux-x86_64-debian-clang 1.0 4.76 39.22 43.98 OK
r-devel-linux-x86_64-debian-gcc 1.0 4.21 31.03 35.24 OK
r-devel-linux-x86_64-fedora-clang 1.0 56.89 NOTE
r-devel-linux-x86_64-fedora-gcc 1.0 47.74 NOTE
r-devel-windows-ix86+x86_64 1.0 10.00 43.00 53.00 OK
r-patched-linux-x86_64 1.0 4.76 36.85 41.61 OK
r-patched-solaris-x86 1.0 70.00 NOTE
r-release-linux-x86_64 1.0 5.64 36.04 41.68 OK
r-release-macos-x86_64 1.0 NOTE
r-release-windows-ix86+x86_64 1.0 9.00 55.00 64.00 OK
r-oldrel-macos-x86_64 1.0 NOTE
r-oldrel-windows-ix86+x86_64 1.0 7.00 52.00 59.00 OK

Check Details

Version: 1.0
Check: dependencies in R code
Result: NOTE
    Namespace in Imports field not imported from: ‘rpostgis’
     All declared Imports should be used.
Flavors: r-devel-linux-x86_64-fedora-clang, r-devel-linux-x86_64-fedora-gcc, r-patched-solaris-x86, r-release-macos-x86_64, r-oldrel-macos-x86_64