Last updated on 2020-12-04 00:48:26 CET.
Flavor | Version | Tinstall | Tcheck | Ttotal | Status | Flags |
---|---|---|---|---|---|---|
r-devel-linux-x86_64-debian-clang | 0.2-1 | 2.22 | 23.20 | 25.42 | NOTE | |
r-devel-linux-x86_64-debian-gcc | 0.2-1 | 1.80 | 18.60 | 20.40 | NOTE | |
r-devel-linux-x86_64-fedora-clang | 0.2-1 | 36.27 | NOTE | |||
r-devel-linux-x86_64-fedora-gcc | 0.2-1 | 26.76 | NOTE | |||
r-devel-windows-ix86+x86_64 | 0.2-1 | 4.00 | 28.00 | 32.00 | NOTE | |
r-patched-linux-x86_64 | 0.2-1 | 2.10 | 23.28 | 25.38 | NOTE | |
r-patched-solaris-x86 | 0.2-1 | 42.30 | NOTE | |||
r-release-linux-x86_64 | 0.2-1 | 1.86 | 23.31 | 25.17 | NOTE | |
r-release-macos-x86_64 | 0.2-1 | NOTE | ||||
r-release-windows-ix86+x86_64 | 0.2-1 | 4.00 | 31.00 | 35.00 | NOTE | |
r-oldrel-macos-x86_64 | 0.2-1 | NOTE | ||||
r-oldrel-windows-ix86+x86_64 | 0.2-1 | 4.00 | 31.00 | 35.00 | NOTE |
Version: 0.2-1
Check: dependencies in R code
Result: NOTE
'library' or 'require' call to 'Rsymphony' in package code.
Please use :: or requireNamespace() instead.
See section 'Suggested packages' in the 'Writing R Extensions' manual.
Flavors: r-devel-linux-x86_64-debian-clang, r-devel-linux-x86_64-debian-gcc, r-devel-linux-x86_64-fedora-clang, r-devel-linux-x86_64-fedora-gcc, r-devel-windows-ix86+x86_64, r-patched-linux-x86_64, r-patched-solaris-x86, r-release-linux-x86_64, r-release-macos-x86_64, r-release-windows-ix86+x86_64, r-oldrel-macos-x86_64, r-oldrel-windows-ix86+x86_64
Version: 0.2-1
Check: R code for possible problems
Result: NOTE
mipSolve.Rsymphony: no visible global function definition for
'Rsymphony_solve_LP'
Undefined global functions or variables:
Rsymphony_solve_LP
Flavors: r-devel-linux-x86_64-debian-clang, r-devel-linux-x86_64-debian-gcc, r-devel-linux-x86_64-fedora-clang, r-devel-linux-x86_64-fedora-gcc, r-devel-windows-ix86+x86_64, r-patched-linux-x86_64, r-patched-solaris-x86, r-release-linux-x86_64, r-release-macos-x86_64, r-release-windows-ix86+x86_64, r-oldrel-macos-x86_64, r-oldrel-windows-ix86+x86_64
Version: 0.2-1
Check: package dependencies
Result: NOTE
Package suggested but not available for checking: ‘Rsymphony’
Flavors: r-patched-solaris-x86, r-release-macos-x86_64, r-oldrel-macos-x86_64