CRAN Package Check Results for Package lpbrim

Last updated on 2020-12-04 00:48:26 CET.

Flavor Version Tinstall Tcheck Ttotal Status Flags
r-devel-linux-x86_64-debian-clang 1.0.0 2.70 25.76 28.46 NOTE
r-devel-linux-x86_64-debian-gcc 1.0.0 2.28 22.01 24.29 NOTE
r-devel-linux-x86_64-fedora-clang 1.0.0 39.09 NOTE
r-devel-linux-x86_64-fedora-gcc 1.0.0 29.96 NOTE
r-devel-windows-ix86+x86_64 1.0.0 5.00 30.00 35.00 NOTE
r-patched-linux-x86_64 1.0.0 2.66 23.67 26.33 NOTE
r-patched-solaris-x86 1.0.0 46.30 NOTE
r-release-linux-x86_64 1.0.0 2.69 24.47 27.16 NOTE
r-release-macos-x86_64 1.0.0 NOTE
r-release-windows-ix86+x86_64 1.0.0 3.00 37.00 40.00 NOTE
r-oldrel-macos-x86_64 1.0.0 NOTE
r-oldrel-windows-ix86+x86_64 1.0.0 3.00 35.00 38.00 NOTE

Check Details

Version: 1.0.0
Check: DESCRIPTION meta-information
Result: NOTE
    Checking should be performed on sources prepared by 'R CMD build'.
Flavors: r-devel-linux-x86_64-debian-clang, r-devel-linux-x86_64-debian-gcc, r-devel-linux-x86_64-fedora-clang, r-devel-linux-x86_64-fedora-gcc, r-devel-windows-ix86+x86_64, r-patched-linux-x86_64, r-patched-solaris-x86, r-release-linux-x86_64, r-release-macos-x86_64, r-release-windows-ix86+x86_64, r-oldrel-macos-x86_64, r-oldrel-windows-ix86+x86_64

Version: 1.0.0
Check: package dependencies
Result: NOTE
    Package suggested but not available for checking: 'doMC'
Flavors: r-devel-windows-ix86+x86_64, r-release-windows-ix86+x86_64, r-oldrel-windows-ix86+x86_64