Last updated on 2020-12-04 00:48:26 CET.
Flavor | Version | Tinstall | Tcheck | Ttotal | Status | Flags |
---|---|---|---|---|---|---|
r-devel-linux-x86_64-debian-clang | 1.3.1 | 22.11 | 122.91 | 145.02 | OK | |
r-devel-linux-x86_64-debian-gcc | 1.3.1 | 17.25 | 94.43 | 111.68 | OK | |
r-devel-linux-x86_64-fedora-clang | 1.3.1 | 184.07 | OK | |||
r-devel-linux-x86_64-fedora-gcc | 1.3.1 | 175.21 | OK | |||
r-devel-windows-ix86+x86_64 | 1.3.1 | 28.00 | 110.00 | 138.00 | OK | |
r-patched-linux-x86_64 | 1.3.1 | 20.34 | 115.76 | 136.10 | OK | |
r-patched-solaris-x86 | 1.3.1 | 204.50 | OK | |||
r-release-linux-x86_64 | 1.3.1 | 21.53 | 115.38 | 136.91 | OK | |
r-release-macos-x86_64 | 1.3.1 | NOTE | ||||
r-release-windows-ix86+x86_64 | 1.3.1 | 21.00 | 112.00 | 133.00 | OK | |
r-oldrel-macos-x86_64 | 1.3.1 | NOTE | ||||
r-oldrel-windows-ix86+x86_64 | 1.3.1 | 23.00 | 107.00 | 130.00 | OK |
Version: 1.3.1
Check: package dependencies
Result: NOTE
Package suggested but not available for checking: ‘RDRToolbox’
Flavors: r-release-macos-x86_64, r-oldrel-macos-x86_64