Last updated on 2020-12-04 00:48:26 CET.
Flavor | Version | Tinstall | Tcheck | Ttotal | Status | Flags |
---|---|---|---|---|---|---|
r-devel-linux-x86_64-debian-clang | 2.4.1 | 15.61 | 82.72 | 98.33 | NOTE | |
r-devel-linux-x86_64-debian-gcc | 2.4.1 | 12.02 | 70.81 | 82.83 | NOTE | |
r-devel-linux-x86_64-fedora-clang | 2.4.1 | 127.90 | NOTE | |||
r-devel-linux-x86_64-fedora-gcc | 2.4.1 | 117.02 | NOTE | |||
r-devel-windows-ix86+x86_64 | 2.4.1 | 23.00 | 74.00 | 97.00 | OK | |
r-patched-linux-x86_64 | 2.4.1 | 15.38 | 78.25 | 93.63 | NOTE | |
r-patched-solaris-x86 | 2.4.1 | 148.30 | NOTE | |||
r-release-linux-x86_64 | 2.4.1 | 15.95 | 79.39 | 95.34 | NOTE | |
r-release-macos-x86_64 | 2.4.1 | OK | ||||
r-release-windows-ix86+x86_64 | 2.4.1 | 19.00 | 101.00 | 120.00 | OK | |
r-oldrel-macos-x86_64 | 2.4.1 | WARN | ||||
r-oldrel-windows-ix86+x86_64 | 2.4.1 | 16.00 | 86.00 | 102.00 | OK |
Version: 2.4.1
Check: for non-standard things in the check directory
Result: NOTE
Found the following files/directories:
'main.tex' 'scene.asy'
Flavors: r-devel-linux-x86_64-debian-clang, r-devel-linux-x86_64-debian-gcc, r-devel-linux-x86_64-fedora-clang, r-devel-linux-x86_64-fedora-gcc, r-patched-linux-x86_64, r-patched-solaris-x86, r-release-linux-x86_64
Version: 2.4.1
Check: whether package can be installed
Result: WARN
Found the following significant warnings:
Warning: 'rgl_init' failed, running with rgl.useNULL = TRUE
Flavor: r-oldrel-macos-x86_64