CRAN Package Check Results for Package locStra

Last updated on 2020-12-04 00:48:26 CET.

Flavor Version Tinstall Tcheck Ttotal Status Flags
r-devel-linux-x86_64-debian-clang 1.4 50.57 66.27 116.84 OK
r-devel-linux-x86_64-debian-gcc 1.5 54.29 54.14 108.43 OK
r-devel-linux-x86_64-fedora-clang 1.5 203.30 NOTE
r-devel-linux-x86_64-fedora-gcc 1.5 180.13 OK
r-devel-windows-ix86+x86_64 1.4 96.00 98.00 194.00 OK
r-patched-linux-x86_64 1.5 63.07 65.87 128.94 OK
r-patched-solaris-x86 1.5 42.50 ERROR
r-release-linux-x86_64 1.5 63.48 65.16 128.64 OK
r-release-macos-x86_64 1.4 NOTE
r-release-windows-ix86+x86_64 1.4 70.00 123.00 193.00 OK
r-oldrel-macos-x86_64 1.5 NOTE
r-oldrel-windows-ix86+x86_64 1.5 113.00 94.00 207.00 OK

Additional issues

clang-ASAN gcc-ASAN valgrind

Check Details

Version: 1.5
Check: installed package size
Result: NOTE
     installed size is 25.3Mb
     sub-directories of 1Mb or more:
     libs 25.1Mb
Flavors: r-devel-linux-x86_64-fedora-clang, r-oldrel-macos-x86_64

Version: 1.5
Check: whether package can be installed
Result: ERROR
    Installation failed.
Flavor: r-patched-solaris-x86

Version: 1.4
Check: installed package size
Result: NOTE
     installed size is 13.9Mb
     sub-directories of 1Mb or more:
     libs 13.8Mb
Flavor: r-release-macos-x86_64