CRAN Package Check Results for Package lmeresampler

Last updated on 2020-12-04 00:48:26 CET.

Flavor Version Tinstall Tcheck Ttotal Status Flags
r-devel-linux-x86_64-debian-clang 0.1.1 9.91 86.07 95.98 OK
r-devel-linux-x86_64-debian-gcc 0.1.1 8.37 66.33 74.70 OK
r-devel-linux-x86_64-fedora-clang 0.1.1 117.28 NOTE
r-devel-linux-x86_64-fedora-gcc 0.1.1 110.11 NOTE
r-devel-windows-ix86+x86_64 0.1.1 21.00 77.00 98.00 OK
r-patched-linux-x86_64 0.1.1 10.31 80.23 90.54 OK
r-patched-solaris-x86 0.1.1 157.90 NOTE
r-release-linux-x86_64 0.1.1 9.62 81.42 91.04 OK
r-release-macos-x86_64 0.1.1 NOTE
r-release-windows-ix86+x86_64 0.1.1 18.00 75.00 93.00 OK
r-oldrel-macos-x86_64 0.1.1 NOTE
r-oldrel-windows-ix86+x86_64 0.1.1 15.00 76.00 91.00 OK

Check Details

Version: 0.1.1
Check: dependencies in R code
Result: NOTE
    Namespace in Imports field not imported from: ‘boot’
     All declared Imports should be used.
Flavors: r-devel-linux-x86_64-fedora-clang, r-devel-linux-x86_64-fedora-gcc, r-patched-solaris-x86, r-release-macos-x86_64, r-oldrel-macos-x86_64