CRAN Package Check Results for Package lmds

Last updated on 2020-12-04 00:48:26 CET.

Flavor Version Tinstall Tcheck Ttotal Status Flags
r-devel-linux-x86_64-debian-clang 0.1.0 9.17 89.98 99.15 OK
r-devel-linux-x86_64-debian-gcc 0.1.0 8.64 68.11 76.75 OK
r-devel-linux-x86_64-fedora-clang 0.1.0 120.55 NOTE
r-devel-linux-x86_64-fedora-gcc 0.1.0 110.70 NOTE
r-devel-windows-ix86+x86_64 0.1.0 20.00 79.00 99.00 OK
r-patched-linux-x86_64 0.1.0 8.50 82.41 90.91 OK
r-patched-solaris-x86 0.1.0 177.40 NOTE
r-release-linux-x86_64 0.1.0 8.62 84.12 92.74 OK
r-release-macos-x86_64 0.1.0 NOTE
r-release-windows-ix86+x86_64 0.1.0 16.00 76.00 92.00 OK
r-oldrel-macos-x86_64 0.1.0 NOTE
r-oldrel-windows-ix86+x86_64 0.1.0 15.00 72.00 87.00 OK

Check Details

Version: 0.1.0
Check: dependencies in R code
Result: NOTE
    Namespace in Imports field not imported from: ‘Matrix’
     All declared Imports should be used.
Flavors: r-devel-linux-x86_64-fedora-clang, r-devel-linux-x86_64-fedora-gcc, r-patched-solaris-x86, r-release-macos-x86_64, r-oldrel-macos-x86_64