Last updated on 2020-12-04 00:48:26 CET.
Flavor | Version | Tinstall | Tcheck | Ttotal | Status | Flags |
---|---|---|---|---|---|---|
r-devel-linux-x86_64-debian-clang | 2.9.3 | 233.46 | 66.49 | 299.95 | OK | |
r-devel-linux-x86_64-debian-gcc | 2.9.3 | 127.78 | 53.41 | 181.19 | OK | |
r-devel-linux-x86_64-fedora-clang | 2.9.3 | 428.09 | NOTE | |||
r-devel-linux-x86_64-fedora-gcc | 2.9.3 | 341.37 | OK | |||
r-devel-windows-ix86+x86_64 | 2.9.3 | 500.00 | 110.00 | 610.00 | OK | |
r-patched-linux-x86_64 | 2.9.3 | 158.09 | 64.11 | 222.20 | OK | |
r-patched-solaris-x86 | 2.9.3 | 310.00 | OK | |||
r-release-linux-x86_64 | 2.9.3 | 158.47 | 65.48 | 223.95 | OK | |
r-release-macos-x86_64 | 2.9.3 | OK | ||||
r-release-windows-ix86+x86_64 | 2.9.3 | 360.00 | 134.00 | 494.00 | OK | |
r-oldrel-macos-x86_64 | 2.9.3 | OK | ||||
r-oldrel-windows-ix86+x86_64 | 2.9.3 | 384.00 | 123.00 | 507.00 | OK |
Version: 2.9.3
Check: installed package size
Result: NOTE
installed size is 6.3Mb
sub-directories of 1Mb or more:
libs 6.0Mb
Flavor: r-devel-linux-x86_64-fedora-clang