CRAN Package Check Results for Package lm.beta

Last updated on 2020-12-04 00:48:26 CET.

Flavor Version Tinstall Tcheck Ttotal Status Flags
r-devel-linux-x86_64-debian-clang 1.5-1 1.77 20.56 22.33 NOTE
r-devel-linux-x86_64-debian-gcc 1.5-1 1.58 19.33 20.91 NOTE
r-devel-linux-x86_64-fedora-clang 1.5-1 34.05 NOTE
r-devel-linux-x86_64-fedora-gcc 1.5-1 24.51 NOTE
r-devel-windows-ix86+x86_64 1.5-1 4.00 26.00 30.00 NOTE
r-patched-linux-x86_64 1.5-1 1.67 19.94 21.61 NOTE
r-patched-solaris-x86 1.5-1 38.70 NOTE
r-release-linux-x86_64 1.5-1 1.66 20.33 21.99 NOTE
r-release-macos-x86_64 1.5-1 NOTE
r-release-windows-ix86+x86_64 1.5-1 4.00 25.00 29.00 NOTE
r-oldrel-macos-x86_64 1.5-1 NOTE
r-oldrel-windows-ix86+x86_64 1.5-1 4.00 34.00 38.00 NOTE

Check Details

Version: 1.5-1
Check: R code for possible problems
Result: NOTE
    lm.beta: no visible global function definition for 'coef'
    lm.beta: no visible global function definition for 'model.matrix'
    lm.beta: no visible global function definition for 'model.frame'
    Undefined global functions or variables:
     coef model.frame model.matrix
    Consider adding
     importFrom("stats", "coef", "model.frame", "model.matrix")
    to your NAMESPACE file.
Flavors: r-devel-linux-x86_64-debian-clang, r-devel-linux-x86_64-debian-gcc, r-devel-linux-x86_64-fedora-clang, r-devel-linux-x86_64-fedora-gcc, r-devel-windows-ix86+x86_64, r-patched-linux-x86_64, r-patched-solaris-x86, r-release-linux-x86_64, r-release-macos-x86_64, r-release-windows-ix86+x86_64, r-oldrel-macos-x86_64, r-oldrel-windows-ix86+x86_64