CRAN Package Check Results for Package litteR

Last updated on 2020-12-04 00:48:25 CET.

Flavor Version Tinstall Tcheck Ttotal Status Flags
r-devel-linux-x86_64-debian-clang 0.8.2 8.87 66.32 75.19 OK
r-devel-linux-x86_64-debian-gcc 0.8.2 7.65 54.60 62.25 OK
r-devel-linux-x86_64-fedora-clang 0.8.2 98.55 OK
r-devel-linux-x86_64-fedora-gcc 0.8.2 87.89 OK
r-devel-windows-ix86+x86_64 0.8.2 16.00 69.00 85.00 OK
r-patched-linux-x86_64 0.8.2 8.64 61.89 70.53 OK
r-patched-solaris-x86 0.8.2 131.90 OK
r-release-linux-x86_64 0.8.2 8.30 64.62 72.92 OK
r-release-macos-x86_64 0.8.2 OK
r-release-windows-ix86+x86_64 0.8.2 15.00 65.00 80.00 OK
r-oldrel-macos-x86_64 0.8.2 ERROR
r-oldrel-windows-ix86+x86_64 0.7.0 22.00 144.00 166.00 OK

Check Details

Version: 0.8.2
Check: whether package can be installed
Result: ERROR
    Installation failed.
Flavor: r-oldrel-macos-x86_64