CRAN Package Check Results for Package lisrelToR

Last updated on 2020-12-04 00:48:25 CET.

Flavor Version Tinstall Tcheck Ttotal Status Flags
r-devel-linux-x86_64-debian-clang 0.1.4 2.28 23.38 25.66 NOTE
r-devel-linux-x86_64-debian-gcc 0.1.4 2.07 19.66 21.73 ERROR
r-devel-linux-x86_64-fedora-clang 0.1.4 37.67 NOTE
r-devel-linux-x86_64-fedora-gcc 0.1.4 27.91 NOTE
r-devel-windows-ix86+x86_64 0.1.4 5.00 28.00 33.00 NOTE
r-patched-linux-x86_64 0.1.4 2.66 23.26 25.92 NOTE
r-patched-solaris-x86 0.1.4 41.90 NOTE
r-release-linux-x86_64 0.1.4 2.14 22.46 24.60 NOTE
r-release-macos-x86_64 0.1.4 NOTE
r-release-windows-ix86+x86_64 0.1.4 4.00 27.00 31.00 NOTE
r-oldrel-macos-x86_64 0.1.4 NOTE
r-oldrel-windows-ix86+x86_64 0.1.4 6.00 39.00 45.00 NOTE

Check Details

Version: 0.1.4
Check: R code for possible problems
Result: NOTE
    getMatrix : <anonymous>: no visible global function definition for
     'read.table'
    Undefined global functions or variables:
     read.table
    Consider adding
     importFrom("utils", "read.table")
    to your NAMESPACE file.
Flavors: r-devel-linux-x86_64-debian-clang, r-devel-linux-x86_64-debian-gcc, r-devel-linux-x86_64-fedora-clang, r-devel-linux-x86_64-fedora-gcc, r-devel-windows-ix86+x86_64, r-patched-linux-x86_64, r-patched-solaris-x86, r-release-linux-x86_64, r-release-macos-x86_64, r-release-windows-ix86+x86_64, r-oldrel-macos-x86_64, r-oldrel-windows-ix86+x86_64

Version: 0.1.4
Check: examples
Result: ERROR
    Running examples in ‘lisrelToR-Ex.R’ failed
    The error most likely occurred in:
    
    > base::assign(".ptime", proc.time(), pos = "CheckExEnv")
    > ### Name: lisrelMatrix
    > ### Title: Extract LISREL matrices from 'lisrel' object.
    > ### Aliases: lisrelMatrix
    >
    > ### ** Examples
    >
    > ## Measurment invariance example:
    > download.file("http://sachaepskamp.com/files/mi1.OUT",modFile <- tempfile(fileext=".OUT"))
    trying URL 'http://sachaepskamp.com/files/mi1.OUT'
    Warning in download.file("http://sachaepskamp.com/files/mi1.OUT", modFile <- tempfile(fileext = ".OUT")) :
     URL 'http://sachaepskamp.com/files/mi1.OUT': status was 'Couldn't resolve host name'
    Error in download.file("http://sachaepskamp.com/files/mi1.OUT", modFile <- tempfile(fileext = ".OUT")) :
     cannot open URL 'http://sachaepskamp.com/files/mi1.OUT'
    Execution halted
Flavor: r-devel-linux-x86_64-debian-gcc