Last updated on 2020-12-04 00:48:25 CET.
Flavor | Version | Tinstall | Tcheck | Ttotal | Status | Flags |
---|---|---|---|---|---|---|
r-devel-linux-x86_64-debian-clang | 1.3.0 | 9.15 | 89.68 | 98.83 | OK | |
r-devel-linux-x86_64-debian-gcc | 1.3.0 | 7.74 | 68.30 | 76.04 | OK | |
r-devel-linux-x86_64-fedora-clang | 1.3.0 | 124.68 | OK | |||
r-devel-linux-x86_64-fedora-gcc | 1.3.0 | 115.12 | OK | |||
r-devel-windows-ix86+x86_64 | 1.3.0 | 20.00 | 90.00 | 110.00 | OK | |
r-patched-linux-x86_64 | 1.3.0 | 9.16 | 85.92 | 95.08 | OK | |
r-patched-solaris-x86 | 1.3.0 | 157.80 | WARN | |||
r-release-linux-x86_64 | 1.3.0 | 9.09 | 87.09 | 96.18 | OK | |
r-release-macos-x86_64 | 1.3.0 | WARN | ||||
r-release-windows-ix86+x86_64 | 1.3.0 | 15.00 | 86.00 | 101.00 | OK | |
r-oldrel-macos-x86_64 | 1.3.0 | WARN | ||||
r-oldrel-windows-ix86+x86_64 | 1.3.0 | 18.00 | 84.00 | 102.00 | OK |
Version: 1.3.0
Check: re-building of vignette outputs
Result: WARN
Error(s) in re-building vignettes:
...
--- re-building ‘linkspotterVignette.Rmd’ using rmarkdown
Warning in engine$weave(file, quiet = quiet, encoding = enc) :
Pandoc (>= 1.12.3) and/or pandoc-citeproc not available. Falling back to R Markdown v1.
Quitting from lines 109-112 (linkspotterVignette.Rmd)
Error: processing vignette 'linkspotterVignette.Rmd' failed with diagnostics:
there is no package called 'webshot'
--- failed re-building ‘linkspotterVignette.Rmd’
SUMMARY: processing the following file failed:
‘linkspotterVignette.Rmd’
Error: Vignette re-building failed.
Execution halted
Flavor: r-patched-solaris-x86
Version: 1.3.0
Check: re-building of vignette outputs
Result: WARN
Error(s) in re-building vignettes:
...
--- re-building ‘linkspotterVignette.Rmd’ using rmarkdown
Warning in engine$weave(file, quiet = quiet, encoding = enc) :
Pandoc (>= 1.12.3) and/or pandoc-citeproc not available. Falling back to R Markdown v1.
Quitting from lines 109-112 (linkspotterVignette.Rmd)
Error: processing vignette 'linkspotterVignette.Rmd' failed with diagnostics:
cannot open the connection
--- failed re-building ‘linkspotterVignette.Rmd’
SUMMARY: processing the following file failed:
‘linkspotterVignette.Rmd’
Error: Vignette re-building failed.
Execution halted
Flavors: r-release-macos-x86_64, r-oldrel-macos-x86_64