CRAN Package Check Results for Package lingtypology

Last updated on 2020-12-04 00:48:25 CET.

Flavor Version Tinstall Tcheck Ttotal Status Flags
r-devel-linux-x86_64-debian-clang 1.1.4 6.88 77.79 84.67 OK
r-devel-linux-x86_64-debian-gcc 1.1.4 7.01 60.34 67.35 OK
r-devel-linux-x86_64-fedora-clang 1.1.4 103.37 NOTE
r-devel-linux-x86_64-fedora-gcc 1.1.4 94.80 NOTE
r-devel-windows-ix86+x86_64 1.1.4 12.00 88.00 100.00 OK
r-patched-linux-x86_64 1.1.4 7.78 73.40 81.18 OK
r-patched-solaris-x86 1.1.4 138.30 NOTE
r-release-linux-x86_64 1.1.4 7.34 71.62 78.96 OK
r-release-macos-x86_64 1.1.4 NOTE
r-release-windows-ix86+x86_64 1.1.4 9.00 84.00 93.00 OK
r-oldrel-macos-x86_64 1.1.4 NOTE
r-oldrel-windows-ix86+x86_64 1.1.4 12.00 79.00 91.00 OK

Check Details

Version: 1.1.4
Check: Rd cross-references
Result: NOTE
    Undeclared package ‘magrittr’ in Rd xrefs
Flavor: r-devel-linux-x86_64-fedora-clang

Version: 1.1.4
Check: data for non-ASCII characters
Result: NOTE
     Note: found 1544 marked UTF-8 strings
Flavors: r-devel-linux-x86_64-fedora-clang, r-devel-linux-x86_64-fedora-gcc, r-patched-solaris-x86, r-release-macos-x86_64, r-oldrel-macos-x86_64