Last updated on 2020-12-04 00:48:25 CET.
Flavor | Version | Tinstall | Tcheck | Ttotal | Status | Flags |
---|---|---|---|---|---|---|
r-devel-linux-x86_64-debian-clang | 1.1.2 | 37.48 | 156.67 | 194.15 | OK | |
r-devel-linux-x86_64-debian-gcc | 1.1.2 | 23.79 | 109.32 | 133.11 | OK | |
r-devel-linux-x86_64-fedora-clang | 1.1.2 | 245.22 | NOTE | |||
r-devel-linux-x86_64-fedora-gcc | 1.1.2 | 223.16 | OK | |||
r-devel-windows-ix86+x86_64 | 1.1.2 | 79.00 | 201.00 | 280.00 | NOTE | |
r-patched-linux-x86_64 | 1.1.2 | 27.07 | 141.18 | 168.25 | OK | |
r-patched-solaris-x86 | 1.1.2 | 328.90 | NOTE | |||
r-release-linux-x86_64 | 1.1.2 | 29.07 | 142.51 | 171.58 | OK | |
r-release-macos-x86_64 | 1.1.2 | NOTE | ||||
r-release-windows-ix86+x86_64 | 1.1.2 | 59.00 | 196.00 | 255.00 | NOTE | |
r-oldrel-macos-x86_64 | 1.1.2 | NOTE | ||||
r-oldrel-windows-ix86+x86_64 | 1.1.2 | 58.00 | 196.00 | 254.00 | NOTE |
Version: 1.1.2
Check: installed package size
Result: NOTE
installed size is 6.5Mb
sub-directories of 1Mb or more:
data 3.3Mb
doc 2.1Mb
Flavors: r-devel-linux-x86_64-fedora-clang, r-devel-windows-ix86+x86_64, r-patched-solaris-x86, r-release-macos-x86_64, r-release-windows-ix86+x86_64, r-oldrel-macos-x86_64, r-oldrel-windows-ix86+x86_64