Last updated on 2020-12-04 00:48:25 CET.
Flavor | Version | Tinstall | Tcheck | Ttotal | Status | Flags |
---|---|---|---|---|---|---|
r-devel-linux-x86_64-debian-clang | 3.0.4 | 110.36 | 380.75 | 491.11 | OK | |
r-devel-linux-x86_64-debian-gcc | 3.0.4 | 83.22 | 292.69 | 375.91 | OK | |
r-devel-linux-x86_64-fedora-clang | 3.0.4 | 618.51 | NOTE | |||
r-devel-linux-x86_64-fedora-gcc | 3.0.4 | 645.85 | OK | |||
r-devel-windows-ix86+x86_64 | 3.0.4 | 236.00 | 626.00 | 862.00 | NOTE | |
r-patched-linux-x86_64 | 3.0.4 | 93.85 | 369.82 | 463.67 | OK | |
r-patched-solaris-x86 | 3.0.4 | 693.00 | OK | |||
r-release-linux-x86_64 | 3.0.4 | 93.39 | 367.66 | 461.05 | OK | |
r-release-macos-x86_64 | 3.0.4 | NOTE | ||||
r-release-windows-ix86+x86_64 | 3.0.4 | 177.00 | 616.00 | 793.00 | NOTE | |
r-oldrel-macos-x86_64 | 3.0.4 | NOTE | ||||
r-oldrel-windows-ix86+x86_64 | 3.0.4 | 195.00 | 610.00 | 805.00 | NOTE |
Version: 3.0.4
Check: installed package size
Result: NOTE
installed size is 11.9Mb
sub-directories of 1Mb or more:
doc 1.0Mb
extdata 1.2Mb
libs 8.3Mb
Flavors: r-devel-linux-x86_64-fedora-clang, r-devel-windows-ix86+x86_64, r-release-macos-x86_64, r-release-windows-ix86+x86_64, r-oldrel-macos-x86_64, r-oldrel-windows-ix86+x86_64