CRAN Package Check Results for Package libgeos

Last updated on 2020-12-04 00:48:25 CET.

Flavor Version Tinstall Tcheck Ttotal Status Flags
r-devel-linux-x86_64-debian-clang 3.8.1-3 477.74 23.40 501.14 OK
r-devel-linux-x86_64-debian-gcc 3.8.1-3 289.77 18.70 308.47 OK
r-devel-linux-x86_64-fedora-clang 3.8.1-3 839.83 NOTE
r-devel-linux-x86_64-fedora-gcc 3.8.1-3 593.39 OK
r-devel-windows-ix86+x86_64 3.8.1-3 1140.00 69.00 1209.00 NOTE
r-patched-linux-x86_64 3.8.1-3 365.66 23.15 388.81 OK
r-patched-solaris-x86 3.8.1-3 448.50 OK
r-release-linux-x86_64 3.8.1-3 363.04 22.88 385.92 OK
r-release-macos-x86_64 3.8.1-3 NOTE
r-release-windows-ix86+x86_64 3.8.1-3 924.00 67.00 991.00 NOTE
r-oldrel-macos-x86_64 3.8.1-3 NOTE
r-oldrel-windows-ix86+x86_64 3.8.1-3 1057.00 61.00 1118.00 OK

Check Details

Version: 3.8.1-3
Check: installed package size
Result: NOTE
     installed size is 28.1Mb
     sub-directories of 1Mb or more:
     libs 28.0Mb
Flavors: r-devel-linux-x86_64-fedora-clang, r-devel-windows-ix86+x86_64, r-release-macos-x86_64, r-release-windows-ix86+x86_64, r-oldrel-macos-x86_64