CRAN Package Check Results for Package lfl

Last updated on 2020-12-04 00:48:25 CET.

Flavor Version Tinstall Tcheck Ttotal Status Flags
r-devel-linux-x86_64-debian-clang 2.1.1 82.86 110.52 193.38 OK
r-devel-linux-x86_64-debian-gcc 2.1.1 51.57 82.06 133.63 OK
r-devel-linux-x86_64-fedora-clang 2.1.1 257.40 OK
r-devel-linux-x86_64-fedora-gcc 2.1.1 229.59 OK
r-devel-windows-ix86+x86_64 2.1.1 170.00 178.00 348.00 NOTE
r-patched-linux-x86_64 2.1.1 59.96 105.27 165.23 OK
r-patched-solaris-x86 2.1.1 243.90 OK
r-release-linux-x86_64 2.1.1 62.61 105.63 168.24 OK
r-release-macos-x86_64 2.1.1 OK
r-release-windows-ix86+x86_64 2.1.1 124.00 183.00 307.00 NOTE
r-oldrel-macos-x86_64 2.1.1 OK
r-oldrel-windows-ix86+x86_64 2.1.1 149.00 180.00 329.00 NOTE

Check Details

Version: 2.1.1
Check: package dependencies
Result: NOTE
    Package suggested but not available for checking: 'doMC'
Flavors: r-devel-windows-ix86+x86_64, r-release-windows-ix86+x86_64, r-oldrel-windows-ix86+x86_64

Version: 2.1.1
Check: Rd cross-references
Result: NOTE
    Package unavailable to check Rd xrefs: 'doMC'
Flavors: r-devel-windows-ix86+x86_64, r-release-windows-ix86+x86_64, r-oldrel-windows-ix86+x86_64