CRAN Package Check Results for Package lfe

Last updated on 2020-12-04 00:48:25 CET.

Flavor Version Tinstall Tcheck Ttotal Status Flags
r-devel-linux-x86_64-debian-clang 2.8-5.1 21.10 227.73 248.83 OK
r-devel-linux-x86_64-debian-gcc 2.8-5.1 14.36 181.05 195.41 OK
r-devel-linux-x86_64-fedora-clang 2.8-5.1 308.05 OK
r-devel-linux-x86_64-fedora-gcc 2.8-5.1 302.43 OK
r-devel-windows-ix86+x86_64 2.8-5.1 50.00 299.00 349.00 OK
r-patched-linux-x86_64 2.8-5.1 18.05 223.84 241.89 OK
r-patched-solaris-x86 2.8-5.1 321.80 NOTE --no-vignettes
r-release-linux-x86_64 2.8-5.1 17.55 221.40 238.95 OK
r-release-macos-x86_64 2.8-5.1 OK
r-release-windows-ix86+x86_64 2.8-5.1 37.00 305.00 342.00 OK
r-oldrel-macos-x86_64 2.8-5.1 OK
r-oldrel-windows-ix86+x86_64 2.8-5.1 33.00 369.00 402.00 OK

Check Details

Version: 2.8-5.1
Flags: --no-vignettes
Check: compilation flags used
Result: NOTE
    Compilation used the following non-portable flag(s):
     ‘-mt’
Flavor: r-patched-solaris-x86