CRAN Package Check Results for Package lessR

Last updated on 2020-12-04 00:48:25 CET.

Flavor Version Tinstall Tcheck Ttotal Status Flags
r-devel-linux-x86_64-debian-clang 3.9.8 36.97 216.41 253.38 OK
r-devel-linux-x86_64-debian-gcc 3.9.8 25.77 161.83 187.60 OK
r-devel-linux-x86_64-fedora-clang 3.9.8 305.54 NOTE
r-devel-linux-x86_64-fedora-gcc 3.9.8 306.83 OK
r-devel-windows-ix86+x86_64 3.9.8 56.00 200.00 256.00 NOTE
r-patched-linux-x86_64 3.9.8 32.80 200.83 233.63 OK
r-patched-solaris-x86 3.9.8 352.50 NOTE
r-release-linux-x86_64 3.9.8 33.83 202.84 236.67 OK
r-release-macos-x86_64 3.9.8 NOTE
r-release-windows-ix86+x86_64 3.9.8 40.00 203.00 243.00 NOTE
r-oldrel-macos-x86_64 3.9.8 NOTE
r-oldrel-windows-ix86+x86_64 3.9.8 40.00 240.00 280.00 NOTE

Check Details

Version: 3.9.8
Check: installed package size
Result: NOTE
     installed size is 5.1Mb
     sub-directories of 1Mb or more:
     R 1.2Mb
     doc 2.9Mb
Flavors: r-devel-linux-x86_64-fedora-clang, r-devel-windows-ix86+x86_64, r-patched-solaris-x86, r-release-macos-x86_64, r-release-windows-ix86+x86_64, r-oldrel-macos-x86_64, r-oldrel-windows-ix86+x86_64