Last updated on 2020-12-04 00:48:25 CET.
Flavor | Version | Tinstall | Tcheck | Ttotal | Status | Flags |
---|---|---|---|---|---|---|
r-devel-linux-x86_64-debian-clang | 0.0.3 | 3.51 | 27.02 | 30.53 | OK | |
r-devel-linux-x86_64-debian-gcc | 0.0.3 | 2.88 | 22.88 | 25.76 | OK | |
r-devel-linux-x86_64-fedora-clang | 0.0.3 | 42.78 | NOTE | |||
r-devel-linux-x86_64-fedora-gcc | 0.0.3 | 33.03 | OK | |||
r-devel-windows-ix86+x86_64 | 0.0.3 | 6.00 | 34.00 | 40.00 | OK | |
r-patched-linux-x86_64 | 0.0.3 | 3.28 | 28.31 | 31.59 | OK | |
r-patched-solaris-x86 | 0.0.3 | 49.40 | OK | |||
r-release-linux-x86_64 | 0.0.3 | 3.38 | 26.65 | 30.03 | OK | |
r-release-macos-x86_64 | 0.0.3 | OK | ||||
r-release-windows-ix86+x86_64 | 0.0.3 | 5.00 | 33.00 | 38.00 | OK | |
r-oldrel-macos-x86_64 | 0.0.3 | OK | ||||
r-oldrel-windows-ix86+x86_64 | 0.0.3 | 4.00 | 31.00 | 35.00 | OK |
Version: 0.0.3
Check: Rd cross-references
Result: NOTE
Undeclared packages ‘purrr’, ‘dplyr’ in Rd xrefs
Flavor: r-devel-linux-x86_64-fedora-clang