CRAN Package Check Results for Package leidenAlg

Last updated on 2020-12-04 00:48:25 CET.

Flavor Version Tinstall Tcheck Ttotal Status Flags
r-devel-linux-x86_64-debian-clang 0.1.0 64.84 89.82 154.66 NOTE
r-devel-linux-x86_64-debian-gcc 0.1.0 39.03 69.05 108.08 NOTE
r-devel-linux-x86_64-fedora-clang 0.1.0 205.33 NOTE
r-devel-linux-x86_64-fedora-gcc 0.1.0 179.39 NOTE
r-devel-windows-ix86+x86_64 0.1.0 146.00 122.00 268.00 NOTE
r-patched-linux-x86_64 0.1.0 37.55 85.11 122.66 NOTE
r-patched-solaris-x86 0.1.0 215.70 NOTE
r-release-linux-x86_64 0.1.0 34.73 84.31 119.04 NOTE
r-release-macos-x86_64 0.1.0 ERROR
r-release-windows-ix86+x86_64 0.1.0 99.00 129.00 228.00 NOTE
r-oldrel-macos-x86_64 0.1.0 NOTE
r-oldrel-windows-ix86+x86_64 0.1.0 50.00 5.00 55.00 ERROR

Additional issues

clang-ASAN

Check Details

Version: 0.1.0
Check: for GNU extensions in Makefiles
Result: NOTE
    GNU make is a SystemRequirements.
Flavors: r-devel-linux-x86_64-debian-clang, r-devel-linux-x86_64-debian-gcc, r-devel-linux-x86_64-fedora-clang, r-devel-linux-x86_64-fedora-gcc, r-devel-windows-ix86+x86_64, r-patched-linux-x86_64, r-patched-solaris-x86, r-release-linux-x86_64, r-release-windows-ix86+x86_64, r-oldrel-macos-x86_64

Version: 0.1.0
Check: package dependencies
Result: ERROR
    Package required but not available: ‘sccore’
    
    See section ‘The DESCRIPTION file’ in the ‘Writing R Extensions’
    manual.
Flavor: r-release-macos-x86_64

Version: 0.1.0
Check: whether package can be installed
Result: ERROR
    Installation failed.
Flavor: r-oldrel-windows-ix86+x86_64