Last updated on 2020-12-04 00:48:25 CET.
Flavor | Version | Tinstall | Tcheck | Ttotal | Status | Flags |
---|---|---|---|---|---|---|
r-devel-linux-x86_64-debian-clang | 3.1.2 | 173.03 | 177.17 | 350.20 | OK | |
r-devel-linux-x86_64-debian-gcc | 3.1.2 | 152.96 | 132.23 | 285.19 | OK | |
r-devel-linux-x86_64-fedora-clang | 3.1.2 | 473.92 | NOTE | |||
r-devel-linux-x86_64-fedora-gcc | 3.1.2 | 483.44 | OK | |||
r-devel-windows-ix86+x86_64 | 3.1.2 | 364.00 | 206.00 | 570.00 | NOTE | |
r-patched-linux-x86_64 | 3.1.2 | 171.06 | 165.10 | 336.16 | OK | |
r-patched-solaris-x86 | 3.1.2 | 465.80 | NOTE | |||
r-release-linux-x86_64 | 3.1.2 | 167.48 | 162.62 | 330.10 | OK | |
r-release-macos-x86_64 | 3.1.2 | NOTE | ||||
r-release-windows-ix86+x86_64 | 3.1.2 | 274.00 | 260.00 | 534.00 | NOTE | |
r-oldrel-macos-x86_64 | 3.1.2 | NOTE | ||||
r-oldrel-windows-ix86+x86_64 | 3.1.2 | 269.00 | 193.00 | 462.00 | NOTE |
Version: 3.1.2
Check: installed package size
Result: NOTE
installed size is 17.0Mb
sub-directories of 1Mb or more:
doc 3.4Mb
libs 12.9Mb
Flavors: r-devel-linux-x86_64-fedora-clang, r-devel-windows-ix86+x86_64, r-patched-solaris-x86, r-release-macos-x86_64, r-release-windows-ix86+x86_64, r-oldrel-macos-x86_64, r-oldrel-windows-ix86+x86_64