CRAN Package Check Results for Package leaps

Last updated on 2020-12-04 00:48:25 CET.

Flavor Version Tinstall Tcheck Ttotal Status Flags
r-devel-linux-x86_64-debian-clang 3.1 3.69 26.14 29.83 OK
r-devel-linux-x86_64-debian-gcc 3.1 2.99 20.14 23.13 OK
r-devel-linux-x86_64-fedora-clang 3.1 42.99 NOTE
r-devel-linux-x86_64-fedora-gcc 3.1 33.05 NOTE
r-devel-windows-ix86+x86_64 3.1 11.00 38.00 49.00 OK
r-patched-linux-x86_64 3.1 3.95 25.53 29.48 OK
r-patched-solaris-x86 3.1 47.90 OK
r-release-linux-x86_64 3.1 3.92 23.93 27.85 OK
r-release-macos-x86_64 3.1 OK
r-release-windows-ix86+x86_64 3.1 11.00 35.00 46.00 OK
r-oldrel-macos-x86_64 3.1 OK
r-oldrel-windows-ix86+x86_64 3.1 9.00 46.00 55.00 OK

Check Details

Version: 3.1
Check: compiled code
Result: NOTE
    File ‘leaps/libs/leaps.so’:
     Found no calls to: ‘R_registerRoutines’, ‘R_useDynamicSymbols’
    
    It is good practice to register native routines and to disable symbol
    search.
    
    See ‘Writing portable packages’ in the ‘Writing R Extensions’ manual.
Flavors: r-devel-linux-x86_64-fedora-clang, r-devel-linux-x86_64-fedora-gcc