CRAN Package Check Results for Package leafpm

Last updated on 2020-12-04 00:48:25 CET.

Flavor Version Tinstall Tcheck Ttotal Status Flags
r-devel-linux-x86_64-debian-clang 0.1.0 3.13 23.37 26.50 OK
r-devel-linux-x86_64-debian-gcc 0.1.0 2.49 20.11 22.60 OK
r-devel-linux-x86_64-fedora-clang 0.1.0 36.40 NOTE
r-devel-linux-x86_64-fedora-gcc 0.1.0 26.72 NOTE
r-devel-windows-ix86+x86_64 0.1.0 6.00 30.00 36.00 OK
r-patched-linux-x86_64 0.1.0 3.15 21.97 25.12 OK
r-patched-solaris-x86 0.1.0 43.20 NOTE
r-release-linux-x86_64 0.1.0 3.21 23.96 27.17 OK
r-release-macos-x86_64 0.1.0 NOTE
r-release-windows-ix86+x86_64 0.1.0 6.00 26.00 32.00 OK
r-oldrel-macos-x86_64 0.1.0 NOTE
r-oldrel-windows-ix86+x86_64 0.1.0 5.00 29.00 34.00 OK

Check Details

Version: 0.1.0
Check: dependencies in R code
Result: NOTE
    Namespaces in Imports field not imported from:
     ‘dplyr’ ‘htmlwidgets’ ‘jsonlite’ ‘sf’
     All declared Imports should be used.
Flavors: r-devel-linux-x86_64-fedora-clang, r-devel-linux-x86_64-fedora-gcc, r-patched-solaris-x86, r-release-macos-x86_64, r-oldrel-macos-x86_64