Last updated on 2020-12-04 00:48:25 CET.
Flavor | Version | Tinstall | Tcheck | Ttotal | Status | Flags |
---|---|---|---|---|---|---|
r-devel-linux-x86_64-debian-clang | 2.0.3 | 6.79 | 52.70 | 59.49 | OK | |
r-devel-linux-x86_64-debian-gcc | 2.0.3 | 6.03 | 41.83 | 47.86 | OK | |
r-devel-linux-x86_64-fedora-clang | 2.0.3 | 76.62 | OK | |||
r-devel-linux-x86_64-fedora-gcc | 2.0.3 | 67.74 | OK | |||
r-devel-windows-ix86+x86_64 | 2.0.3 | 11.00 | 53.00 | 64.00 | OK | |
r-patched-linux-x86_64 | 2.0.3 | 6.72 | 50.81 | 57.53 | OK | |
r-patched-solaris-x86 | 2.0.3 | 99.50 | NOTE | |||
r-release-linux-x86_64 | 2.0.3 | 6.94 | 50.61 | 57.55 | OK | |
r-release-macos-x86_64 | 2.0.3 | OK | ||||
r-release-windows-ix86+x86_64 | 2.0.3 | 9.00 | 55.00 | 64.00 | OK | |
r-oldrel-macos-x86_64 | 2.0.3 | OK | ||||
r-oldrel-windows-ix86+x86_64 | 2.0.3 | 15.00 | 56.00 | 71.00 | OK |
Version: 2.0.3
Check: installed package size
Result: NOTE
installed size is 5.4Mb
sub-directories of 1Mb or more:
htmlwidgets 3.9Mb
Flavor: r-patched-solaris-x86