CRAN Package Check Results for Package leaflet.extras2

Last updated on 2020-12-04 00:48:25 CET.

Flavor Version Tinstall Tcheck Ttotal Status Flags
r-devel-linux-x86_64-debian-clang 1.1.0 5.61 44.99 50.60 OK
r-devel-linux-x86_64-debian-gcc 1.1.0 4.82 34.50 39.32 OK
r-devel-linux-x86_64-fedora-clang 1.1.0 63.11 NOTE
r-devel-linux-x86_64-fedora-gcc 1.1.0 53.54 OK
r-devel-windows-ix86+x86_64 1.1.0 10.00 47.00 57.00 OK
r-patched-linux-x86_64 1.1.0 5.33 41.59 46.92 OK
r-patched-solaris-x86 1.1.0 81.80 OK
r-release-linux-x86_64 1.1.0 5.15 43.34 48.49 OK
r-release-macos-x86_64 1.1.0 OK
r-release-windows-ix86+x86_64 1.1.0 8.00 47.00 55.00 OK
r-oldrel-macos-x86_64 1.1.0 OK
r-oldrel-windows-ix86+x86_64 1.1.0 13.00 60.00 73.00 OK

Check Details

Version: 1.1.0
Check: Rd cross-references
Result: NOTE
    Undeclared package ‘htmlwidgets’ in Rd xrefs
Flavor: r-devel-linux-x86_64-fedora-clang