CRAN Package Check Results for Package leafR

Last updated on 2020-12-04 00:48:25 CET.

Flavor Version Tinstall Tcheck Ttotal Status Flags
r-devel-linux-x86_64-debian-clang 0.3 3.16 47.50 50.66 OK
r-devel-linux-x86_64-debian-gcc 0.3 2.82 37.56 40.38 OK
r-devel-linux-x86_64-fedora-clang 0.3 63.93 NOTE
r-devel-linux-x86_64-fedora-gcc 0.3 54.52 NOTE
r-devel-windows-ix86+x86_64 0.3 7.00 44.00 51.00 OK
r-patched-linux-x86_64 0.3 2.86 46.36 49.22 OK
r-patched-solaris-x86 0.3 76.90 NOTE
r-release-linux-x86_64 0.3 3.14 44.95 48.09 OK
r-release-macos-x86_64 0.3 NOTE
r-release-windows-ix86+x86_64 0.3 5.00 66.00 71.00 OK
r-oldrel-macos-x86_64 0.3 NOTE
r-oldrel-windows-ix86+x86_64 0.3 4.00 63.00 67.00 OK

Check Details

Version: 0.3
Check: dependencies in R code
Result: NOTE
    Namespace in Imports field not imported from: ‘lazyeval’
     All declared Imports should be used.
Flavors: r-devel-linux-x86_64-fedora-clang, r-devel-linux-x86_64-fedora-gcc, r-patched-solaris-x86, r-release-macos-x86_64, r-oldrel-macos-x86_64