Last updated on 2020-12-04 00:48:25 CET.
Flavor | Version | Tinstall | Tcheck | Ttotal | Status | Flags |
---|---|---|---|---|---|---|
r-devel-linux-x86_64-debian-clang | 1.0.2 | 6.38 | 59.47 | 65.85 | OK | |
r-devel-linux-x86_64-debian-gcc | 1.0.2 | 4.86 | 45.22 | 50.08 | OK | |
r-devel-linux-x86_64-fedora-clang | 1.0.2 | 83.57 | NOTE | |||
r-devel-linux-x86_64-fedora-gcc | 1.0.2 | 72.29 | OK | |||
r-devel-windows-ix86+x86_64 | 1.0.2 | 15.00 | 68.00 | 83.00 | OK | |
r-patched-linux-x86_64 | 1.0.2 | 6.63 | 54.79 | 61.42 | OK | |
r-patched-solaris-x86 | 1.0.2 | 142.00 | OK | |||
r-release-linux-x86_64 | 1.0.2 | 6.89 | 54.46 | 61.35 | OK | |
r-release-macos-x86_64 | 1.0.2 | OK | ||||
r-release-windows-ix86+x86_64 | 1.0.2 | 10.00 | 69.00 | 79.00 | OK | |
r-oldrel-macos-x86_64 | 1.0.2 | OK | ||||
r-oldrel-windows-ix86+x86_64 | 1.0.2 | 13.00 | 87.00 | 100.00 | OK |
Version: 1.0.2
Check: Rd cross-references
Result: NOTE
Undeclared package ‘tm’ in Rd xrefs
Flavor: r-devel-linux-x86_64-fedora-clang