CRAN Package Check Results for Package lda

Last updated on 2020-12-04 00:48:25 CET.

Flavor Version Tinstall Tcheck Ttotal Status Flags
r-devel-linux-x86_64-debian-clang 1.4.2 4.71 41.98 46.69 OK
r-devel-linux-x86_64-debian-gcc 1.4.2 3.94 34.17 38.11 OK
r-devel-linux-x86_64-fedora-clang 1.4.2 64.03 NOTE
r-devel-linux-x86_64-fedora-gcc 1.4.2 54.68 NOTE
r-devel-windows-ix86+x86_64 1.4.2 10.00 57.00 67.00 OK
r-patched-linux-x86_64 1.4.2 4.49 41.84 46.33 OK
r-patched-solaris-x86 1.4.2 85.90 OK
r-release-linux-x86_64 1.4.2 4.23 43.59 47.82 OK
r-release-macos-x86_64 1.4.2 OK
r-release-windows-ix86+x86_64 1.4.2 10.00 57.00 67.00 OK
r-oldrel-macos-x86_64 1.4.2 OK
r-oldrel-windows-ix86+x86_64 1.4.2 9.00 73.00 82.00 OK

Check Details

Version: 1.4.2
Check: compiled code
Result: NOTE
    File ‘lda/libs/lda.so’:
     Found no calls to: ‘R_registerRoutines’, ‘R_useDynamicSymbols’
    
    It is good practice to register native routines and to disable symbol
    search.
    
    See ‘Writing portable packages’ in the ‘Writing R Extensions’ manual.
Flavors: r-devel-linux-x86_64-fedora-clang, r-devel-linux-x86_64-fedora-gcc