CRAN Package Check Results for Package lar

Last updated on 2020-12-04 00:48:25 CET.

Flavor Version Tinstall Tcheck Ttotal Status Flags
r-devel-linux-x86_64-debian-clang 0.1-2 11.53 98.76 110.29 OK
r-devel-linux-x86_64-debian-gcc 0.1-2 10.52 75.64 86.16 OK
r-devel-linux-x86_64-fedora-clang 0.1-2 135.54 NOTE
r-devel-linux-x86_64-fedora-gcc 0.1-2 126.44 NOTE
r-devel-windows-ix86+x86_64 0.1-2 22.00 82.00 104.00 OK
r-patched-linux-x86_64 0.1-2 11.09 93.01 104.10 OK
r-patched-solaris-x86 0.1-2 143.30 NOTE
r-release-linux-x86_64 0.1-2 12.20 93.90 106.10 OK
r-release-macos-x86_64 0.1-2 NOTE
r-release-windows-ix86+x86_64 0.1-2 16.00 104.00 120.00 OK
r-oldrel-macos-x86_64 0.1-2 NOTE
r-oldrel-windows-ix86+x86_64 0.1-2 11.00 6.00 17.00 ERROR

Check Details

Version: 0.1-2
Check: data for non-ASCII characters
Result: NOTE
     Note: found 6 marked UTF-8 strings
Flavors: r-devel-linux-x86_64-fedora-clang, r-devel-linux-x86_64-fedora-gcc, r-patched-solaris-x86, r-release-macos-x86_64, r-oldrel-macos-x86_64

Version: 0.1-2
Check: whether package can be installed
Result: ERROR
    Installation failed.
Flavor: r-oldrel-windows-ix86+x86_64