Last updated on 2020-12-04 00:48:25 CET.
Flavor | Version | Tinstall | Tcheck | Ttotal | Status | Flags |
---|---|---|---|---|---|---|
r-devel-linux-x86_64-debian-clang | 1.5.0 | 147.85 | 348.52 | 496.37 | OK | |
r-devel-linux-x86_64-debian-gcc | 1.5.0 | 93.14 | 273.20 | 366.34 | OK | |
r-devel-linux-x86_64-fedora-clang | 1.5.0 | 670.00 | NOTE | |||
r-devel-linux-x86_64-fedora-gcc | 1.5.0 | 616.06 | OK | |||
r-devel-windows-ix86+x86_64 | 1.5.0 | 319.00 | 550.00 | 869.00 | OK | |
r-patched-linux-x86_64 | 1.5.0 | 110.86 | 336.80 | 447.66 | OK | |
r-patched-solaris-x86 | 1.5.0 | 669.60 | OK | |||
r-release-linux-x86_64 | 1.5.0 | 111.26 | 343.39 | 454.65 | OK | |
r-release-macos-x86_64 | 1.5.0 | OK | ||||
r-release-windows-ix86+x86_64 | 1.5.0 | 247.00 | 552.00 | 799.00 | OK | |
r-oldrel-macos-x86_64 | 1.5.0 | NOTE | ||||
r-oldrel-windows-ix86+x86_64 | 1.5.0 | 268.00 | 598.00 | 866.00 | OK |
Version: 1.5.0
Check: installed package size
Result: NOTE
installed size is 6.0Mb
sub-directories of 1Mb or more:
libs 4.2Mb
Flavors: r-devel-linux-x86_64-fedora-clang, r-oldrel-macos-x86_64