Last updated on 2020-12-04 00:48:25 CET.
Flavor | Version | Tinstall | Tcheck | Ttotal | Status | Flags |
---|---|---|---|---|---|---|
r-devel-linux-x86_64-debian-clang | 0.0.6 | 11.56 | 110.71 | 122.27 | OK | |
r-devel-linux-x86_64-debian-gcc | 0.0.6 | 10.40 | 84.67 | 95.07 | OK | |
r-devel-linux-x86_64-fedora-clang | 0.0.6 | 153.20 | NOTE | |||
r-devel-linux-x86_64-fedora-gcc | 0.0.6 | 145.49 | NOTE | |||
r-devel-windows-ix86+x86_64 | 0.0.6 | 25.00 | 101.00 | 126.00 | OK | |
r-patched-linux-x86_64 | 0.0.6 | 11.96 | 106.61 | 118.57 | OK | |
r-patched-solaris-x86 | 0.0.6 | 205.40 | NOTE | |||
r-release-linux-x86_64 | 0.0.6 | 11.95 | 106.58 | 118.53 | OK | |
r-release-macos-x86_64 | 0.0.6 | NOTE | ||||
r-release-windows-ix86+x86_64 | 0.0.6 | 19.00 | 100.00 | 119.00 | OK | |
r-oldrel-macos-x86_64 | 0.0.6 | NOTE | ||||
r-oldrel-windows-ix86+x86_64 | 0.0.6 | 22.00 | 128.00 | 150.00 | OK |
Version: 0.0.6
Check: data for non-ASCII characters
Result: NOTE
Note: found 23 marked UTF-8 strings
Flavors: r-devel-linux-x86_64-fedora-clang, r-devel-linux-x86_64-fedora-gcc, r-patched-solaris-x86, r-release-macos-x86_64, r-oldrel-macos-x86_64