Last updated on 2020-12-04 00:48:25 CET.
Flavor | Version | Tinstall | Tcheck | Ttotal | Status | Flags |
---|---|---|---|---|---|---|
r-devel-linux-x86_64-debian-clang | 0.5.1 | 6.64 | 128.60 | 135.24 | OK | |
r-devel-linux-x86_64-debian-gcc | 0.5.1 | 6.00 | 99.45 | 105.45 | OK | |
r-devel-linux-x86_64-fedora-clang | 0.5.1 | 169.10 | NOTE | |||
r-devel-linux-x86_64-fedora-gcc | 0.5.1 | 161.65 | OK | |||
r-devel-windows-ix86+x86_64 | 0.5.1 | 11.00 | 131.00 | 142.00 | OK | |
r-patched-linux-x86_64 | 0.5.1 | 6.14 | 121.34 | 127.48 | OK | |
r-patched-solaris-x86 | 0.5.1 | 225.80 | OK | |||
r-release-linux-x86_64 | 0.5.1 | 6.90 | 122.22 | 129.12 | OK | |
r-release-macos-x86_64 | 0.5.1 | OK | ||||
r-release-windows-ix86+x86_64 | 0.5.1 | 10.00 | 175.00 | 185.00 | OK | |
r-oldrel-macos-x86_64 | 0.5.1 | OK | ||||
r-oldrel-windows-ix86+x86_64 | 0.5.1 | 9.00 | 165.00 | 174.00 | OK |
Version: 0.5.1
Check: Rd cross-references
Result: NOTE
Undeclared package ‘sampling’ in Rd xrefs
Flavor: r-devel-linux-x86_64-fedora-clang