Last updated on 2020-12-04 00:48:25 CET.
Flavor | Version | Tinstall | Tcheck | Ttotal | Status | Flags |
---|---|---|---|---|---|---|
r-devel-linux-x86_64-debian-clang | 0.1-4 | 8.43 | 71.00 | 79.43 | OK | |
r-devel-linux-x86_64-debian-gcc | 0.1-4 | 6.99 | 56.04 | 63.03 | OK | |
r-devel-linux-x86_64-fedora-clang | 0.1-4 | 101.30 | NOTE | |||
r-devel-linux-x86_64-fedora-gcc | 0.1-4 | 90.14 | NOTE | |||
r-devel-windows-ix86+x86_64 | 0.1-4 | 18.00 | 66.00 | 84.00 | OK | |
r-patched-linux-x86_64 | 0.1-4 | 8.67 | 64.05 | 72.72 | OK | |
r-patched-solaris-x86 | 0.1-4 | 123.20 | NOTE | |||
r-release-linux-x86_64 | 0.1-4 | 9.07 | 66.52 | 75.59 | OK | |
r-release-macos-x86_64 | 0.1-4 | NOTE | ||||
r-release-windows-ix86+x86_64 | 0.1-4 | 13.00 | 86.00 | 99.00 | OK | |
r-oldrel-macos-x86_64 | 0.1-4 | NOTE | ||||
r-oldrel-windows-ix86+x86_64 | 0.1-4 | 14.00 | 82.00 | 96.00 | OK |
Version: 0.1-4
Check: dependencies in R code
Result: NOTE
Namespace in Imports field not imported from: ‘methods’
All declared Imports should be used.
Flavors: r-devel-linux-x86_64-fedora-clang, r-devel-linux-x86_64-fedora-gcc, r-patched-solaris-x86, r-release-macos-x86_64, r-oldrel-macos-x86_64