CRAN Package Check Results for Package knor

Last updated on 2020-12-04 00:48:25 CET.

Flavor Version Tinstall Tcheck Ttotal Status Flags
r-devel-linux-x86_64-debian-clang 0.0-7 48.19 32.77 80.96 NOTE
r-devel-linux-x86_64-debian-gcc 0.0-7 31.31 24.94 56.25 NOTE
r-devel-linux-x86_64-fedora-clang 0.0-7 129.28 NOTE
r-devel-linux-x86_64-fedora-gcc 0.0-7 95.30 NOTE
r-devel-windows-ix86+x86_64 0.0-7 103.00 58.00 161.00 NOTE
r-patched-linux-x86_64 0.0-7 36.73 31.33 68.06 NOTE
r-patched-solaris-x86 0.0-7 93.10 NOTE
r-release-linux-x86_64 0.0-7 37.58 30.04 67.62 NOTE
r-release-macos-x86_64 0.0-7 NOTE
r-release-windows-ix86+x86_64 0.0-7 81.00 57.00 138.00 NOTE
r-oldrel-macos-x86_64 0.0-7 NOTE
r-oldrel-windows-ix86+x86_64 0.0-7 86.00 66.00 152.00 NOTE

Additional issues

gcc11

Check Details

Version: 0.0-7
Check: for GNU extensions in Makefiles
Result: NOTE
    GNU make is a SystemRequirements.
Flavors: r-devel-linux-x86_64-debian-clang, r-devel-linux-x86_64-debian-gcc, r-devel-linux-x86_64-fedora-clang, r-devel-linux-x86_64-fedora-gcc, r-devel-windows-ix86+x86_64, r-patched-linux-x86_64, r-patched-solaris-x86, r-release-linux-x86_64, r-release-macos-x86_64, r-release-windows-ix86+x86_64, r-oldrel-macos-x86_64, r-oldrel-windows-ix86+x86_64